mainder when 25888 is divided by 521?
359
Calculate the remainder when 684787 is divided by 12.
7
Calculate the remainder when 109447 is divided by 21.
16
Calculate the remainder when 3546 is divided by 3288.
258
Calculate the remainder when 54295 is divided by 66.
43
What is the remainder when 12235 is divided by 29?
26
Calculate the remainder when 2416 is divided by 665.
421
What is the remainder when 8763 is divided by 43?
34
Calculate the remainder when 1925625 is divided by 29.
25
Calculate the remainder when 1773 is divided by 32.
13
Calculate the remainder when 594 is divided by 307.
287
What is the remainder when 5119 is divided by 164?
35
Calculate the remainder when 908 is divided by 160.
108
Calculate the remainder when 417 is divided by 63.
39
What is the remainder when 1115 is divided by 552?
11
Calculate the remainder when 49131 is divided by 71.
70
What is the remainder when 62217 is divided by 100?
17
What is the remainder when 1766 is divided by 289?
32
What is the remainder when 1003 is divided by 19?
15
Calculate the remainder when 11556 is divided by 49.
41
What is the remainder when 804 is divided by 177?
96
What is the remainder when 19248 is divided by 19?
1
What is the remainder when 3467 is divided by 835?
127
What is the remainder when 52306 is divided by 52302?
4
What is the remainder when 22077 is divided by 61?
56
Calculate the remainder when 8003 is divided by 30.
23
What is the remainder when 437994 is divided by 4?
2
Calculate the remainder when 2630 is divided by 197.
69
What is the remainder when 105 is divided by 91?
14
Calculate the remainder when 2890 is divided by 35.
20
Calculate the remainder when 7863 is divided by 281.
276
What is the remainder when 2517 is divided by 493?
52
What is the remainder when 25834 is divided by 1981?
81
What is the remainder when 346 is divided by 14?
10
What is the remainder when 164 is divided by 83?
81
Calculate the remainder when 1042 is divided by 891.
151
What is the remainder when 787 is divided by 139?
92
Calculate the remainder when 195334 is divided by 121.
40
Calculate the remainder when 1843 is divided by 24.
19
What is the remainder when 1077765 is divided by 9?
6
Calculate the remainder when 329079 is divided by 164486.
107
What is the remainder when 51127 is divided by 266?
55
Calculate the remainder when 593996 is divided by 132.
128
Calculate the remainder when 13512 is divided by 74.
44
Calculate the remainder when 124864 is divided by 126.
124
What is the remainder when 1031 is divided by 28?
23
Calculate the remainder when 328107 is divided by 772.
7
What is the remainder when 27028 is divided by 8971?
115
Calculate the remainder when 31627 is divided by 390.
37
Calculate the remainder when 12809 is divided by 21.
20
Calculate the remainder when 45572 is divided by 33.
32
Calculate the remainder when 25453 is divided by 335.
328
Calculate the remainder when 13289 is divided by 381.
335
What is the remainder when 29969 is divided by 266?
177
What is the remainder when 9133 is divided by 997?
160
Calculate the remainder when 11422 is divided by 4.
2
What is the remainder when 26246 is divided by 215?
16
Calculate the remainder when 48044 is divided by 36.
20
What is the remainder when 286631 is divided by 80?
71
What is the remainder when 16670 is divided by 2366?
108
Calculate the remainder when 28111 is divided by 12.
7
What is the remainder when 1569783 is divided by 969?
3
Calculate the remainder when 19886 is divided by 59.
3
What is the remainder when 246078 is divided by 100?
78
What is the remainder when 108923 is divided by 46?
41
Calculate the remainder when 2984 is divided by 17.
9
Calculate the remainder when 36208 is divided by 32.
16
What is the remainder when 108597 is divided by 103?
35
Calculate the remainder when 6049 is divided by 80.
49
What is the remainder when 83774 is divided by 38?
22
Calculate the remainder when 287161 is divided by 103.
100
What is the remainder when 173297 is divided by 11?
3
Calculate the remainder when 77813 is divided by 387.
26
What is the remainder when 126697 is divided by 257?
253
Calculate the remainder when 39224 is divided by 265.
4
What is the remainder when 1421 is divided by 268?
81
What is the remainder when 7198 is divided by 7?
2
What is the remainder when 22981 is divided by 343?
0
Calculate the remainder when 4091 is divided by 96.
59
What is the remainder when 1751 is divided by 40?
31
What is the remainder when 521 is divided by 314?
207
Calculate the remainder when 23927 is divided by 799.
756
What is the remainder when 104255 is divided by 14?
11
What is the remainder when 134945 is divided by 5621?
41
Calculate the remainder when 3343 is divided by 16.
15
Calculate the remainder when 193523 is divided by 21501.
14
Calculate the remainder when 445950 is divided by 536.
534
What is the remainder when 2714 is divided by 2626?
88
Calculate the remainder when 153914 is divided by 974.
22
What is the remainder when 182 is divided by 51?
29
Calculate the remainder when 214705 is divided by 906.
889
Calculate the remainder when 1229858 is divided by 29.
26
Calculate the remainder when 4845477 is divided by 60.
57
Calculate the remainder when 7448 is divided by 67.
11
Calculate the remainder when 1174947 is divided by 83.
82
What is the remainder when 4522 is divided by 4422?
100
What is the remainder when 15345 is divided by 246?
93
Calculate the remainder when 7789 is divided by 249.
70
What is the remainder when 143069 is divided by 3?
2
Calculate the remainder when 17215 is divided by 3426.
85
What is the remainder when 1397 is divided by 277?
12
Calculate the remainder when 51586 is divided by 388.
370
Calculate the remainder when 4351 is divided by 392.
39
What is the remainder when 1256 is divided by 925?
331
Calculate the remainder when 3109 is divided by 181.
32
Calculate the remainder when 6277 is divided by 779.
45
What is the remainder when 15258 is divided by 38?
20
Calculate the remainder when 19778 is divided by 98.
80
What is the remainder when 27141 is divided by 362?
353
What is the remainder when 2183 is divided by 43?
33
What is the remainder when 12433 is divided by 401?
2
What is the remainder when 21922 is divided by 755?
27
What is the remainder when 19618 is divided by 25?
18
Calculate the remainder when 11559 is divided by 2460.
1719
Calculate the remainder when 547 is divided by 34.
3
What is the remainder when 3023 is divided by 402?
209
Calculate the remainder when 59469 is divided by 177.
174
What is the remainder when 8045 is divided by 3720?
605
What is the remainder when 2647 is divided by 299?
255
What is the remainder when 6470 is divided by 132?
2
What is the remainder when 1897 is divided by 238?
231
What is the remainder when 12594 is divided by 30?
24
What is the remainder when 79000 is divided by 897?
64
Calculate the remainder when 4991 is divided by 1764.
1463
What is the remainder when 38751 is divided by 69?
42
What is the remainder when 91281 is divided by 30?
21
Calculate the remainder when 26544 is divided by 233.
215
Calculate the remainder when 868981 is divided by 212.
205
Calculate the remainder when 1071 is divided by 347.
30
What is the remainder when 6922 is divided by 434?
412
What is the remainder when 1877 is divided by 288?
149
What is the remainder when 130 is divided by 75?
55
What is the remainder when 162649 is divided by 628?
625
What is the remainder when 1272 is divided by 88?
40
What is the remainder when 23266 is divided by 23206?
60
What is the remainder when 1843022 is divided by 233?
225
What is the remainder when 644 is divided by 433?
211
Calculate the remainder when 13964 is divided by 97.
93
Calculate the remainder when 20300 is divided by 3380.
20
What is the remainder when 5084 is divided by 1266?
20
What is the remainder when 6395 is divided by 3070?
255
Calculate the remainder when 6565 is divided by 337.
162
What is the remainder when 16843 is divided by 16522?
321
Calculate the remainder when 298278 is divided by 149.
129
Calculate the remainder when 6860 is divided by 644.
420
Calculate the remainder when 11377 is divided by 1571.
380
Calculate the remainder when 56881 is divided by 9.
1
What is the remainder when 